se -7157 = -21*s - w. What is the tens digit of s?
3
Let g be ((-91)/21)/((-4)/12). Let z = -4 + g. Let o(a) = a**3 - 10*a**2 + 10*a + 5. What is the units digit of o(z)?
4
Suppose 5003280 = 157*l + 155*l - 252*l. What is the thousands digit of l?
3
Let s(u) = -90*u + 42. Let k be (-32)/6 - 12/18. What is the tens digit of s(k)?
8
Suppose -9*u + 20*u = 289300. Suppose -138*c + 113*c = -u. What is the hundreds digit of c?
0
Suppose 257*u = -253*u + 529*u - 731842. What is the ten thousands digit of u?
3
What is the tens digit of 1/(4537/377 - 12)?
2
Let j be 114/76*32/6. Suppose 0 = j*t - 9*t + 488. Let d = -312 + t. What is the units digit of d?
6
Suppose -11*k + 13*k - 2*h = 36830, 4*h = k - 18415. What is the ten thousands digit of k?
1
Let j = -174 + 182. What is the tens digit of 4/j - (-945)/2?
7
Suppose 1819 = 10*m + 559. Let n = 184 - m. Let i = n + 40. What is the tens digit of i?
9
Let f(g) = g**3 + 13*g**2 + 7*g - 25. Let k be f(-12). Let c = 43 + k. What is the tens digit of c?
7
Suppose 67*h = 62*h. Suppose 2*b - 3*q = -3*b + 1188, h = 2*q - 8. What is the tens digit of b?
4
Suppose -3*o - w + 7535 = 0, -3*w - 2401 = -o + 124. What is the units digit of o?
3
Suppose 4*f = -5*w + 308, -4*w - 5*f + 200 = -50. Suppose -w + 817 = p. What is the tens digit of p?
5
Suppose 0*n = 2*n - 280. Suppose -5*k - 5*b = -180, 4*k + 5*b - 3*b = n. What is the units digit of k?
4
Let h(w) = -w - 2 - 4*w**2 + 2*w**2 + 3 - w**3 + 1. Let n(j) = -2*j**3 + 11*j**2 + 6*j - 4. Let m be n(6). What is the units digit of h(m)?
8
Let q(h) = -h**2 - 10*h - 14. Let s be q(-6). Let b(n) = -n**2 + 19*n - 38. Let z be b(9). Suppose -z = s*w - 462. What is the tens digit of w?
4
Suppose 1 = -0*q + q + 2*p, -5*q = -2*p + 31. Let h(o) = 8*o**2 - o + 2. What is the tens digit of h(q)?
0
Let m(j) = 48 - 45 + 4*j + 16*j. Let x be m(-1). Let b = 38 + x. What is the tens digit of b?
2
Let u(y) = -2355*y - 1406. What is the ten thousands digit of u(-30)?
6
What is the hundreds digit of -8*(14 + 594/(-42)) + 204280/7?
1
Suppose -284*s + 1360932 = -1863888. What is the ten thousands digit of s?
1
Let t = 27338 - 16088. What is the hundreds digit of t?
2
Suppose 5*n + 2609 - 26584 = -4*j, -3*j = 5*n - 17985. What is the units digit of j?
0
Let o = -42537 - -72690. What is the thousands digit of o?
0
Let t(r) = 30*r**3 - 9*r**2 + 42*r - 803. What is the units digit of t(13)?
2
Let t be (2390/20)/(7/(-14)). Let j = t + 356. What is the units digit of j?
7
Suppose 0*a - 4*a = -3*n - 1, 0 = -n - 3*a + 17. Suppose 4*b + 300 = 8*b - 4*g, n*b = 2*g + 381. What is the units digit of b?
7
Suppose 0 = -v + 2*v - 4*p - 10250, 2*p = -2*v + 20520. What is the hundreds digit of (-33)/7 + 5 - v/(-14)?
7
What is the thousands digit of 72861224/3304 - (-3)/(-7)?
2
Suppose -57984 = -5*l + 2*n, -4*l - 3*n = -74249 + 27848. What is the thousands digit of l?
1
Let f = 62 - 17. Let x = -42 + f. Suppose n + 121 = z + 3*n, x*z - n = 335. What is the hundreds digit of z?
1
Let z(y) = y**3 + 14*y**2 + 10*y - 37. Let p be z(-13). What is the hundreds digit of p/(((-2)/6008)/(6/(-48)))?
7
Let j(x) be the third derivative of x**4/8 - 7*x**3/3 + 2*x**2. Let g be j(6). Suppose 111 = g*p - 73. What is the units digit of p?
6
Let h(x) = 5350*x**2 + 8*x + 6. Let n be h(-2). Suppose 51*j - n = 20*j. What is the tens digit of j?
9
Let o(j) = 11*j**3 + 2*j**2 - 1. Let p be o(1). Let s be (p/(-5))/(-5 + 17682/3540). What is the tens digit of 1/(-3) + s/12?
3
Suppose 0 = -2*y + 21 - 11. Suppose -y*l + 4*l = 4*l. Suppose -235 = -5*o - 3*m, 2*o + o + 3*m - 135 = l. What is the units digit of o?
0
Let r(o) = 11*o**2 - 5*o - 9. Let s be r(-6). Suppose 0 = d + 64 - s. Suppose 0 = -m + 4*a + 119, a + 829 = 4*m + d. What is the tens digit of m?
1
What is the units digit of 3524851/231 + ((-725)/(-105) - 7)?
9
Let w(f) = 2*f**3 + 26*f**2 + 23*f - 72. What is the ten thousands digit of w(22)?
3
Let l be (-2 + 33/9)/((-10)/(-30)). Suppose 5*m - 4*a - 271 = 0, -l*m + 0*a = 2*a - 277. What is the units digit of m?
5
Let z(p) = -22*p**3 + 3*p**2 + p - 3. Let j be z(1). What is the units digit of 9/j + -3988*(-4)/112?
2
Let i(b) be the first derivative of 9*b**2 - b + 9. Let a be i(-1). Let m = a + 73. What is the units digit of m?
4
Suppose 30*d = 61*d + 28*d - 641094. What is the units digit of d?
6
Suppose 56 = g + 6*g. Let a be (-27)/(-3)*-1*-4*5. Suppose g*f - 828 = -a. What is the tens digit of f?
8
Suppose 3*j - 22 = f - 0*f, 0 = f + 2*j + 37. Let g(o) = o**2 + 17*o - 107. What is the hundreds digit of g(f)?
3
Let z(t) = t**3 + 33*t**2 - 262*t + 83. What is the hundreds digit of z(-37)?
3
Let n(j) = 149*j - 259. Suppose 21*v - 22*v + 6 = s, 3*s + 5*v = 22. What is the tens digit of n(s)?
3
Let s = -24522 - -41927. What is the tens digit of s?
0
Suppose 2*k + 33 = -s, 3*k + 5*s + 60 = -0*k. Let b be (k/(-6))/((-1)/4*2). What is the tens digit of ((-57)/b)/(3/15)?
5
Suppose d = 43 + 245. Suppose 0 = -41*y + 50*y - d. What is the units digit of y?
2
Suppose -8521 = -3*x - 5*o, 3*x - x - 5670 = 2*o. What is the hundreds digit of x?
8
Let c be (-14)/(-35)*1*5. Suppose -2*w - g = c*w + 384, 4*w = -5*g - 368. What is the units digit of (1 - w)*(-24)/(-48)?
9
Let m(h) = 2*h**2 + 7*h + 513. What is the units digit of m(-33)?
0
Let n = -2844 + 34410. What is the thousands digit of n?
1
Suppose 8*v = 10*v + 2*p, -3*v + 12 = -p. Suppose -v*w = -3*a - 2562, -9*w = -6*w + 5*a - 2586. What is the tens digit of w?
5
Let n(x) = -177*x + 5152. What is the thousands digit of n(-31)?
0
Suppose 14*v - 3447 - 55311 = 0. What is the thousands digit of v?
4
Let j(p) = p + 6. Let r be j(-12). What is the tens digit of (12/2 + -21)*r?
9
Let c(z) = 26*z**3 + z**2 + 3*z - 3. Let h be c(2). Let x = -2951 - -3056. Let r = h - x. What is the units digit of r?
0
Let i be (-3)/12 - (-7)/(-4). Let q(h) = -12*h - 12*h + 9*h - 9*h - 2*h. What is the tens digit of q(i)?
5
Suppose 22*f = 43*f - 399. Let s(n) = n**3 - 15*n**2 + 12*n - 65. What is the tens digit of s(f)?
0
Suppose 2*j - 36 = -3*s - 2*j, -3*s - 3*j = -36. Let b = s - 9. Suppose -b*u + 2 = -u. What is the units digit of u?
1
Suppose 3*w - 3*n - 165030 = 19485, -4*n = -32. What is the ten thousands digit of w?
6
Let r(g) = 33*g + 2. Let s(k) = -32*k - 2. Let b(t) = -5*r(t) - 4*s(t). Let o be b(-5). Suppose -6*j + 591 + o = 0. What is the units digit of j?
9
What is the tens digit of 7431 - (40/(-200) + (-21)/(-5))?
2
Suppose -500 = 4*x - 3*m - 6, 4*m = 3*x + 374. Let s = 132 + x. Suppose s*y = 2360 + 290. What is the units digit of y?
5
Suppose 4*j + 5 = -b, 2*b + 8 = -2. Suppose j = -6*h + 3180 + 1296. What is the units digit of h?
6
Suppose -40*d = 29*d - 19*d - 93900. What is the thousands digit of d?
1
What is the hundreds digit of (2156/21)/(8 - 839/105)?
7
Suppose -61 + 31 = -10*q. What is the hundreds digit of ((-14)/q - -1)/(39/(-3510))?
3
Let h(j) = j**2 - 10*j - 85. Let b be h(16). Let c = 33 - b. What is the units digit of c?
2
Let z(i) = 31*i**2 + 12*i - 6. Let u be z(7). Let j = -1103 + u. What is the units digit of j?
4
Let g be (11/(-2) + 1)*-2. Let l = 3522 + -3492. Suppose 10*t = g*t + l. What is the tens digit of t?
3
Suppose 28*s = 29*s - 2882. Suppose -s = -6*c + 2884. What is the tens digit of c?
6
Suppose 0 = 1388*w - 1372*w - 107920. What is the hundreds digit of w?
7
Let r(t) = 6*t**2 + 15*t - 128. Let c be r(7). Suppose 3*h - 3385 + c = 0. What is the thousands digit of h?
1
Let l = 18436 - 6874. What is the ten thousands digit of l?
1
Let c = -329 + 329. Suppose c = 21*b - 1902 - 597. What is the tens digit of b?
1
Let y be (272/(-40))/(2/(-20)). Let s = y + -62. Let h = s - -100. What is the tens digit of h?
0
Suppose 2*f - 112535 = -3*j, 4*f + 143513 = -3*j + 368592. What is the ten thousands digit of f?
5
Let n(w) = -4*w**3 + 31*w**2 - 24*w - 8. Let d(m) = -m**3 + m. Let k(i) = -2*d(i) + n(i). What is the units digit of k(14)?
6
Suppose -29 = -6*t + 1. Suppose -t*u + 5*z + 1190 = 0, 3*u + 3*z = u + 476. What is the tens digit of u?
3
Let g = 9343 - 8583. What is the units digit of g?
0
Suppose l + r = 9, 3*l - 4*r = 1 - 9. Let x be (-2*2/l)/(2/(-4)). What is the tens digit of -2 + (143 + -7 - x/2)?
3
Suppose -5*j + 135 = 2*c + 2519, c = 2*j - 1192. Let t = 2271 + 